01111
In base 4, what is 123 - 3?
120
In base 2, what is 110010000110 + 10?
110010001000
In base 4, what is 2 + 201112?
201120
In base 9, what is -1 - -164?
163
In base 8, what is -20 - 35?
-55
In base 16, what is -122d + -5?
-1232
In base 12, what is 13a + 0?
13a
In base 3, what is 20022 - -11?
20110
In base 4, what is 20 + 330?
1010
In base 10, what is 3 + 268?
271
In base 10, what is 6290 - 2?
6288
In base 6, what is -50 + 1023?
533
In base 13, what is 7 + -96?
-8c
In base 6, what is -11232 - 1?
-11233
In base 6, what is 104 - 1023?
-515
In base 2, what is -11 - -100111101?
100111010
In base 11, what is 56 - 1a?
37
In base 14, what is -3 - 13d?
-142
In base 13, what is 1 + 11c5?
11c6
In base 9, what is -40 + 4?
-35
In base 3, what is -2 - 1010?
-1012
In base 3, what is -101011 + -21?
-101102
In base 5, what is -22 + 231?
204
In base 10, what is -4 + -119?
-123
In base 11, what is 5 - -7?
11
In base 15, what is -63 - -2?
-61
In base 2, what is 10100110 + 100?
10101010
In base 13, what is -49 - -18?
-31
In base 6, what is 102 - 1045?
-543
In base 5, what is 13 - 14?
-1
In base 11, what is 224 - -28?
251
In base 8, what is 163 - -5?
170
In base 13, what is 11 - 11?
0
In base 13, what is 5 - -411?
416
In base 10, what is 1 + 110?
111
In base 9, what is 13 + -214?
-201
In base 7, what is 6 + 23?
32
In base 4, what is 10313123 - -10?
10313133
In base 2, what is 10001001101111 + -10?
10001001101101
In base 6, what is -42501 + 2?
-42455
In base 4, what is 1001 + 32?
1033
In base 3, what is -212001 + 11?
-211220
In base 16, what is -4 - 3d?
-41
In base 3, what is 11 + 1010?
1021
In base 7, what is -2 - -1432?
1430
In base 15, what is 3 - -10?
13
In base 14, what is -a + -220?
-22a
In base 5, what is 134 - 114?
20
In base 14, what is 1 - 11a?
-119
In base 10, what is 1 - 206?
-205
In base 13, what is 1 + -6c4?
-6c3
In base 11, what is 785 - -4?
789
In base 9, what is 2 + -433?
-431
In base 15, what is b - 25?
-19
In base 3, what is 0 - 12220?
-12220
In base 6, what is 541 - 3?
534
In base 2, what is 110000111 + -11000?
101101111
In base 7, what is 5 + 206?
214
In base 15, what is 1a2 + -5?
19c
In base 12, what is -a01 + 2?
-9bb
In base 14, what is 1a7c - -3?
1a81
In base 5, what is -12 - -110?
43
In base 9, what is 16 - -60?
76
In base 15, what is -9 + -19?
-23
In base 6, what is -14 + -104?
-122
In base 3, what is 10 - -121?
201
In base 6, what is 24 - -114?
142
In base 6, what is 211 + -11?
200
In base 6, what is 1350 - 135?
1211
In base 15, what is 1 + 28?
29
In base 8, what is -12 + -1?
-13
In base 2, what is 1011111000101 - -101?
1011111001010
In base 2, what is -11101 + -1010101?
-1110010
In base 14, what is 51d + 0?
51d
In base 15, what is 62a + 2?
62c
In base 16, what is 241 + -3?
23e
In base 16, what is -3 - -ee7?
ee4
In base 2, what is 100 + -101101?
-101001
In base 12, what is -1 + 8?
7
In base 6, what is -1543 + -5?
-1552
In base 8, what is 264 - 5?
257
In base 11, what is -48 - -3?
-45
In base 7, what is 1361 + -21?
1340
In base 15, what is e + -15?
-6
In base 10, what is -4154 + 1?
-4153
In base 7, what is 3 - 121?
-115
In base 15, what is -1d + -4?
-22
In base 15, what is 268 - 0?
268
In base 4, what is 211 + 1012?
1223
In base 2, what is -11001 - 11000?
-110001
In base 10, what is -1 + -616?
-617
In base 2, what is 1000001010 + 100?
1000001110
In base 2, what is -1010 + 100101?
11011
In base 5, what is 24 + 4?
33
In base 9, what is 113 - -16?
130
In base 2, what is 10010 - 1?
10001
In base 12, what is -a6 + -149?
-233
In base 2, what is 101 + -10110001?
-10101100
In base 9, what is -2134 - -5?
-2128
In base 13, what is 35 + -3?
32
In base 11, what is 19 + -a?
a
In base 16, what is 1 + 3?
4
In base 14, what is 133 + -11?
122
In base 7, what is 40 + 10?
50
In base 7, what is 34 + 5?
42
In base 15, what is -1 - 0?
-1
In base 12, what is -1a - 0?
-1a
In base 5, what is 1 - 413?
-412
In base 3, what is -10 + 102112?
102102
In base 8, what is -521 - 3?
-524
In base 11, what is 2 + -7a8?
-7a6
In base 6, what is 3213 - 3?
3210
In base 2, what is -1010010010 + 10?
-1010010000
In base 5, what is 0 + 220?
220
In base 14, what is -1 + 94c?
94b
In base 7, what is -2 - -1041?
1036
In base 9, what is 3 + -204?
-201
In base 7, what is 1246 - -4?
1253
In base 5, what is -1434 - 32?
-2021
In base 11, what is 106 + 6?
111
In base 14, what is 1 - -28?
29
In base 10, what is 2 + 361?
363
In base 14, what is -270 - -5?
-269
In base 13, what is 32a + -2?
328
In base 2, what is 101 - -1011101110?
1011110011
In base 5, what is 13102 - -4?
13111
In base 14, what is 1d + -9?
14
In base 5, what is -1 + 222?
221
In base 2, what is -11011011 + 1100?
-11001111
In base 5, what is -1141 - -10?
-1131
In base 9, what is -136 - 56?
-203
In base 15, what is 27 - -96?
bd
In base 10, what is -1768 + 0?
-1768
In base 5, what is -201130 - -10?
-201120
In base 11, what is 5 + 17?
21
In base 11, what is 194 + 0?
194
In base 4, what is 3 + 2001?
2010
In base 11, what is 4 + -39?
-35
In base 3, what is 1 + 21121?
21122
In base 11, what is -50 - -5?
-46
In base 13, what is -11a - -2?
-118
In base 7, what is 4 - -2421?
2425
In base 12, what is 7175 - -2?
7177
In base 6, what is 1252 - 0?
1252
In base 14, what is -452 + 5?
-44b
In base 6, what is 3 - 141?
-134
In base 12, what is 6710 + -5?
6707
In base 3, what is 1121 + 1020?
2211
In base 12, what is -124 + -11?
-135
In base 14, what is 5 + -36?
-31
In base 12, what is -17a9 + -4?
-17b1
In base 13, what is 13 + -2?
11
In base 13, what is 9 + -12?
-6
In base 5, what is 3 - -1041?
1044
In base 14, what is 127 + 0?
127
In base 7, what is -6 - 14?
-23
In base 5, what is 2 + -24443?
-24441
In base 7, what is -5 - 56?
-64
In base 12, what is 214 + -7?
209
In base 12, what is 29 + 30?
59
In base 10, what is 4 - 5?
-1
In base 2, what is -11 - -110110100?
110110001
In base 4, what is -11 - 13?
-30
In base 8, what is -213 + -35?
-250
In base 9, what is -6 + -142?
-148
In base 9, what is 5 - 5325?
-5320
In base 2, what is 101 + 11111?
100100
In base 16, what is -25 - -2?
-23
In base 9, what is 1 + -58?
-57
In base 10, what is 482 - -5?
487
In base 15, what is -19d + -5?
-1a3
In base 11, what is 2 + -16?
-14
In base 16, what is -40 + 8?
-38
In base 15, what is 51 - -6a?
bb
In base 16, what is 1 + -d00?
-cff
In base 10, what is 5 - 5152?
-5147
In base 9, what is 13430 - 0?
13430
In base 13, what is c + 11?
20
In base 6, what is -53344 + 5?
-53335
In base 4, what is 0 - 1332?
-1332
In base 8, what is 1 + -30?
-27
In base 5, what is 0 - 121131?
-121131
In base 15, what is -10 + 6bd?
6ad
In base 7, what is -1 + 524?
523
In base 14, what is -8035 - 0?
-8035
In base 3, what is -22201 + 2010?
-20121
In base 12, what is 11a + -1?
119
In base 12, what is 49 - 5?
44
In base 6, what is -4142 - -3?
-4135
In base 3, what is -12 - 2110?
-2122
In base 8, what is -15 - -33?
16
In base 16, what is 41d - 0?
41d
In base 4, what is -3 - 1202?
-1211
In base 8, what is -2 + 70?
66
In base 2, what is 1110010001 + 1?
1110010010
In base 6, what is 12 + -14?
-2
In base 10, what is -179 - -4?
-175
In base 7, what is -3 - -1055?
1052
In base 16, what is 1cd3 - 2?
1cd1
In base 8, what is 2 + -74?
-72
In base 10, what is 5 - -67?
72
In base 3, what is -1101 - 1110?
-2211
In base 7, what is 136 + -1?
135
In base 3, what is -2 + -1000?
-1002
In base 12, what is 3 + -2?
1
In base 8, what is -430 - -1?
-427
In base 13, what is -5 + -1422?
-1427
In base 6, what is 3243 + -5?
3234
In base 11, what is 4 + 144?
148
In base 8, what is -544 + 57?
-465
In base 16, what is -27 - -9?
-1e
In base 9, what is -1 + -16?
-17
In base 12, what is -17 - -34?
19
In base 10, what is 687 + -6?
681
In base 6, what is 353 + -13?
340
In base 9, what is -3 - 85?
-88
In base 12, what is -15 + -b?
-24
In base 16, what is -2c - 28?
-54
In base 2, what is -10100010110 + -101?
-10100011011
In base 6, what is -2 - -440?
434
In base 7, what is 4 + 50?
54
In base 6, what is 22440 + -5?
22431
In base 12, what is 14 + -4?
10
In base 15, what is 364 - -4?
368
In base 16, what is 6a63 - 0?
6a63
In base 11, what is -9 - 11?
-1a
In base 3, what is -10012012 - -210?
-10011102
In base 14, what is -2 + -1723?
-1725
In base 3, what is 10 + -222?
-212
In base 6, what is 23 + -3522?
-3455
In base 12, what is -3 + 